s -1 - -7116c5?
7116c4
In base 10, what is 1 + 162562430?
162562431
In base 9, what is 2663317 + -23?
2663284
In base 15, what is -4 + 4232a7?
4232a3
In base 13, what is 864 - -72?
906
In base 15, what is -180c9 + 92?
-18037
In base 12, what is -4a666799 - -1?
-4a666798
In base 11, what is -46 + -603470?
-603506
In base 15, what is -131aeee0 + 3?
-131aeedc
In base 4, what is 11201313010301 + -3?
11201313010232
In base 14, what is 1046 + 4ac56?
4bc9c
In base 3, what is 210101011202 + -10001?
210101001201
In base 14, what is a5 + b870?
b935
In base 9, what is 27 + 86831?
86858
In base 5, what is 200 + -244421234?
-244421034
In base 3, what is -2 - -101020012000111?
101020012000102
In base 7, what is 3112004241 - 5?
3112004233
In base 13, what is 509 - 1824?
-1318
In base 3, what is -100101020111211 - -1?
-100101020111210
In base 9, what is -5 + -415367582?
-415367587
In base 11, what is 531 - 299a?
-2469
In base 7, what is -2 + -1215034362?
-1215034364
In base 14, what is -a9d0 + 16?
-a9b8
In base 11, what is 17806 - -584?
1828a
In base 3, what is -2112002211221 - 21222?
-2112010010220
In base 16, what is 92282 + e?
92290
In base 9, what is 366606 + -8?
366587
In base 14, what is -278d8 + 4d5?
-27403
In base 9, what is -74224 - 1071?
-75305
In base 5, what is 13123022 + -12421?
13110101
In base 15, what is -1e688d60 - 3?
-1e688d63
In base 16, what is 10 + -5898c?
-5897c
In base 5, what is 2333342131 + 3?
2333342134
In base 13, what is 7 + 2a0b91?
2a0b98
In base 4, what is -130320330 - -1112?
-130313212
In base 4, what is -123033210313 + -21?
-123033211000
In base 11, what is 4 + -1704690?
-1704687
In base 4, what is -11 - -3103200031?
3103200020
In base 6, what is 5032 - -15243?
24315
In base 5, what is 114104 + 404433?
1024042
In base 9, what is -5 - -1085700?
1085684
In base 15, what is 2da6e7 + 1?
2da6e8
In base 4, what is 2333211201310 - 2?
2333211201302
In base 15, what is 290 - -1c4729?
1c49b9
In base 13, what is 0 - -2368500?
2368500
In base 12, what is -9b55 + -201?
-a156
In base 6, what is -5054 + 2521341?
2512243
In base 8, what is -1 + 7065643?
7065642
In base 2, what is -10000110010101000000000 - 111111?
-10000110010101000111111
In base 14, what is 536ad + -62?
5364b
In base 8, what is -336 - 5771763?
-5772321
In base 12, what is 1a04127 + -45?
1a040a2
In base 9, what is -80 + 370375?
370285
In base 3, what is -10100001202 + -1101002?
-10101102211
In base 3, what is -10021212221111211 - 2?
-10021212221111220
In base 4, what is -200 - -10203002312?
10203002112
In base 14, what is -2 - 1795c0?
-1795c2
In base 3, what is 202 - 110100222000?
-110100221021
In base 10, what is -14370299 + 5?
-14370294
In base 8, what is 2 + -21531424?
-21531422
In base 9, what is 72884500 + -5?
72884484
In base 16, what is -96c5a28 - -1?
-96c5a27
In base 15, what is -30a - 13d6b?
-14176
In base 11, what is -2495995 - 6?
-24959a0
In base 5, what is 11 - -404403134?
404403200
In base 5, what is -103 + -2424244?
-2424402
In base 10, what is 69311 + -1518?
67793
In base 13, what is -273705c - 5?
-2737064
In base 13, what is 179c43 + 6?
179c49
In base 7, what is 1512332 - -23?
1512355
In base 12, what is -4b0 - 1a8a4a?
-1a933a
In base 6, what is -1550 - 12413?
-14403
In base 6, what is -1 + 43405215451?
43405215450
In base 6, what is -20013113 - 50?
-20013203
In base 15, what is 4 - -2d7886?
2d788a
In base 10, what is -32535746 - -10?
-32535736
In base 15, what is 2da77 - -e1?
2db68
In base 10, what is -18767 + 1784?
-16983
In base 5, what is -112404030234 + 10?
-112404030224
In base 6, what is -1110023134210 - -2?
-1110023134204
In base 16, what is 3dcf0 + 0?
3dcf0
In base 6, what is 11323512134 - 0?
11323512134
In base 4, what is 212001321 - 2001?
211333320
In base 11, what is 4 + 2121a3?
2121a7
In base 3, what is -2111211010022020 + 122?
-2111211010021121
In base 3, what is 12 + 100120112201111?
100120112201200
In base 2, what is 100 + 1010000010101000101000111?
1010000010101000101001011
In base 14, what is b95 - 4c676?
-4b8c1
In base 9, what is 31257077 + 0?
31257077
In base 13, what is -2 + -2b3199?
-2b319b
In base 8, what is 307 + -127300?
-126771
In base 15, what is 1c529e57 - -3?
1c529e5a
In base 6, what is 152445330 - 3?
152445323
In base 13, what is -9747ba - 4?
-9747c1
In base 4, what is -100112223 + -2331?
-100121220
In base 12, what is -1853868 + 74?
-18537b4
In base 13, what is -34c + c948?
c5c9
In base 5, what is 4433311 - -21?
4433332
In base 11, what is 39 - 80131?
-800a3
In base 7, what is 4356 - -21443?
26132
In base 12, what is -5 + 18722219?
18722214
In base 10, what is 349694 - 386?
349308
In base 9, what is -17022656 + 3?
-17022653
In base 16, what is 406333 - -26?
406359
In base 15, what is 15a - -246d?
25c8
In base 6, what is 130531 - -1435431?
2010402
In base 13, what is -7c240 + 2c0?
-7bc50
In base 5, what is 102112143 + 300?
102112443
In base 15, what is -5 + 4c65509?
4c65504
In base 16, what is -2c + -129b?
-12c7
In base 8, what is -77224676 + 1?
-77224675
In base 8, what is -20306101 + 57?
-20306022
In base 3, what is -11 - -10211210021010222?
10211210021010211
In base 13, what is -41a91bb - 4?
-41a91c2
In base 12, what is -17b5b08 - -5?
-17b5b03
In base 15, what is 3 + 2ec93?
2ec96
In base 8, what is 3 + -302737466?
-302737463
In base 10, what is 1703587 - 62?
1703525
In base 3, what is -102 - -22110110120122?
22110110120020
In base 7, what is 105105 + 451?
105556
In base 10, what is -51470 + 1364?
-50106
In base 11, what is -13 - -44445?
44432
In base 4, what is 213220312232331 - -2?
213220312232333
In base 12, what is -227776 - 7?
-227781
In base 12, what is -22244 - 1907?
-23b4b
In base 5, what is -1331411221 + 1212?
-1331410004
In base 6, what is -15413045 + 1?
-15413044
In base 3, what is 1220200211012 + 2002?
1220200220021
In base 12, what is -2602 - 31179?
-3377b
In base 13, what is -336ba + -13c2?
-34aac
In base 2, what is -11111011001011010111100 + 101?
-11111011001011010110111
In base 8, what is -56667 - -1354?
-55313
In base 2, what is -1100001001000000 - 100110111?
-1100001101110111
In base 12, what is 23 + 1063b0?
106413
In base 4, what is 10 - -103023103300?
103023103310
In base 8, what is 0 - 460532143?
-460532143
In base 16, what is -2 + 91477f?
91477d
In base 7, what is 10 - 155202501?
-155202461
In base 3, what is -211 - 220101222?
-220102210
In base 7, what is 125646 - -155520?
314466
In base 8, what is -603340 - 221?
-603561
In base 7, what is -3 + 25262563?
25262560
In base 6, what is -40031102503 - -4?
-40031102455
In base 15, what is -ae974 + -61?
-ae9d5
In base 16, what is 1b6c + 3a13?
557f
In base 7, what is -423621 + 1565?
-422023
In base 8, what is 13130 + 162?
13312
In base 16, what is 86fc - -193?
888f
In base 15, what is -1d7529 + 25?
-1d7504
In base 3, what is -11222120022000 - -201?
-11222120021022
In base 15, what is -de43 - -1319?
-cb29
In base 6, what is 102 + -13015511?
-13015405
In base 2, what is 1000000110110101011 + -11010110111?
1000000011011110100
In base 6, what is -13042355 + 1440?
-13040515
In base 2, what is 101000100010011110110100 - -101?
101000100010011110111001
In base 6, what is -11 - -2120043405?
2120043354
In base 9, what is 116104 - -243?
116347
In base 13, what is 9216b1 + -4?
9216aa
In base 10, what is 3047 + -2423?
624
In base 11, what is -323a99762 + 4?
-323a99759
In base 3, what is -120221011 + 22010?
-120122001
In base 9, what is -266558285 - 0?
-266558285
In base 6, what is -4505 - 2533221?
-2542130
In base 4, what is 103332330 - -12230?
110011220
In base 3, what is -10022020201 - -10002?
-10022010122
In base 14, what is a1 + -1c436?
-1c375
In base 11, what is -6 + 131a153?
131a148
In base 14, what is a1952 - -3d?
a1991
In base 15, what is -49 + -a6a800?
-a6a849
In base 9, what is 286751 + 151?
287012
In base 8, what is 15456 + 7023?
24501
In base 10, what is -3 + 12930811?
12930808
In base 14, what is 333246 + 42?
333288
In base 8, what is 24442721 - 40?
24442661
In base 4, what is 1211132 + 100301200?
102112332
In base 3, what is 21112010220 + -120102?
21111120111
In base 3, what is 11 - -100000022010201121?
100000022010201202
In base 10, what is -151183 + -1636?
-152819
In base 7, what is -3112030 + 642?
-3111055
In base 12, what is 55ba478 - -15?
55ba491
In base